 - 2*x**3 - 2*x**3 + 1 + 7*x - 3*x - 3*x. Suppose 3*k + 4 - 1 = 0. What is the units digit of v(k)?
5
Let n = -24 - 3. What is the tens digit of 12/(-9)*n/1?
3
Suppose -57 = -3*b - 24. What is the tens digit of b?
1
Let o = -12 + 17. Suppose -179 = -o*a - 54. What is the tens digit of a?
2
Let l be 6/2 - (-6 - -9). Suppose l = -4*h - w + 5*w + 88, -17 = -h - 4*w. What is the tens digit of h?
2
Let z(u) = 9*u. Let w be z(1). Suppose 0*t + 2 = 4*p + 2*t, -3*p = -t - w. What is the units digit of (p - (-3)/(-3))*8?
8
Let q(m) = 3*m - 3. Let x be q(2). Suppose c - x*u - 14 = 14, 5*c - u = 98. What is the units digit of c?
9
Let t(w) = w**2 - w + 106. Let v be t(0). Suppose -4*c - 5*a = 152, c = -c + 5*a - v. What is the units digit of c/(-9) + (-10)/(-45)?
5
Let s be (0 - (0 + 0)) + 2. Suppose 0 = m + s + 3. Let b = 15 + m. What is the tens digit of b?
1
Let q = 70 + -38. What is the tens digit of q?
3
Let m(w) = w**3 - 5*w**2 + 3*w + 7. Let l be ((-2)/(-4))/((-1)/(-10)). What is the tens digit of m(l)?
2
Let t = 5 - 1. Let h(n) = -n**2 + 6*n - 2. Let f be h(t). Suppose -3*l - 18 = -f*l. What is the units digit of l?
6
Suppose -c - 5 = -26. Let s = 7 - c. Let z = 24 + s. What is the units digit of z?
0
Suppose 2*o - o = 13. Suppose -o = -3*c + 2. Suppose 4*i + j = -1, -15 = c*i - j + 5*j. What is the units digit of i?
1
Suppose 2*m + 5 = -0*x + x, 3*x - 3*m = 30. Let f be (-2 - 1)*x/5. Let j = f - -15. What is the units digit of j?
6
Let v(t) = -2*t - 2. Suppose 3*k + 15 = -3*g, -2*g + 8 = -3*k + 2*g. What is the units digit of v(k)?
6
Let t be 2 - 0/(1 - -1). Suppose 4*j = -5*w - t - 8, -3*w - 5*j = 6. Let i = 1 - w. What is the units digit of i?
3
Suppose -c = -2*c + 12. Let i = -6 - -9. Suppose i - c = -g. What is the units digit of g?
9
Suppose -4*u + 43 = -3*v, -5*v = -0*v + 4*u + 29. Let l = 19 + v. What is the units digit of l?
0
Let j = 363 + -198. What is the units digit of j?
5
Suppose -36 = -2*c - 2*s, 5*c - 4*s - 45 = -0*s. What is the units digit of c?
3
Let i(x) = -x**2 - 11*x + 12. Let h be (2/(-4))/((-12)/(-264)). What is the units digit of i(h)?
2
Suppose -2*n - 2*s + 30 = 0, -30 = -5*n - s + 33. Let g = -7 + n. Let q = g - 2. What is the units digit of q?
3
Let t(c) = -c + 7. Let s be t(-8). Let n = 26 - s. What is the tens digit of n?
1
Suppose 4*o + 72 = -0*o. What is the units digit of (-220)/o - (-2)/(-9)?
2
Let w = -7 - -3. Let c = -4 - w. Suppose -2*m + 0*m + 10 = c. What is the units digit of m?
5
Let f be 0*(3/(-2) + 1). Suppose -5*m + 4*t + 8 = f, -3*m - t - 10 = 4*t. Suppose -p + 14 - 4 = m. What is the tens digit of p?
1
Let i = 31 + -21. Suppose -13*k + i*k = -96. What is the units digit of k?
2
Suppose -5*z = -3*z - 534. Suppose 167 = 3*r - 4*s, 5*r + 0*s - z = s. What is the units digit of r?
3
Suppose 12 = 4*y + 4*u, -3*u + 2*u - 5 = -y. Suppose y*f + 2 = 5*f. Suppose -2*b = -3*c + 1 - 15, 0 = -5*b - f*c + 35. What is the units digit of b?
7
Let g(o) = o + 8. Let b be g(-7). Let l be (-1)/b - 12/(-3). Suppose l*c - 40 = -2*c. What is the units digit of c?
8
What is the units digit of (58/(-3))/(12/(-18))?
9
Let o be (-1 - (0 - 0))*-6. Let h be ((-2)/6)/((-1)/o). Suppose h*n - 4 = n. What is the units digit of n?
4
Let h(p) = 8*p + 19. What is the units digit of h(6)?
7
Let q(i) = i**2 + i**2 - 5*i - i - 7. What is the units digit of q(5)?
3
What is the tens digit of 25/(4 - (3 + 0))?
2
Suppose -7*x + 203 = -56. What is the tens digit of x?
3
Let g(l) = l + 6. What is the units digit of g(3)?
9
Let n(r) = -r**3 - 2*r**2 + r - 2. Let s(o) = -o**2 + 9*o - 5. Let y be s(8). Suppose -y*x - 15 = 2*x. What is the units digit of n(x)?
4
Let l(i) = -i**2 + 6*i + 8. Let a be l(8). Let p = 16 + a. Suppose -15 = -p*v + 3*v. What is the units digit of v?
3
Let h(v) = v + 9. Let n be h(-6). Let z = 1 + n. What is the units digit of z?
4
Suppose 0 = 2*p - 4. Suppose b + 2*h = -p*h + 38, -2*h = -10. Suppose 3*l = l + b. What is the units digit of l?
9
Suppose 3*l + 72 = 6*l. What is the tens digit of l?
2
Let d(z) = z**3 - z**2 + z + 6. Let a be d(0). Suppose -3*j + 5*j = 4. Suppose -b + a = -j*t, 0 = -0*b + 3*b + 4*t - 18. What is the units digit of b?
6
Suppose 1 = 2*o + 5*k, -3*o = -6*k + k + 61. Let h = o + 19. What is the units digit of h?
7
Let w(q) = -5*q**3 - 23*q**2 - 17*q + 7. Let a(f) = -3*f**3 - 15*f**2 - 11*f + 5. Let y(k) = -8*a(k) + 5*w(k). Let v = -4 - -9. What is the units digit of y(v)?
0
Let m(q) = 6*q - q**2 + 0*q + 3 + 0*q + 3. Let k be m(8). Let v = 29 + k. What is the units digit of v?
9
Let f = 8 + -6. Suppose -3*x + 4 = -f*l, 2*x - 24 = l - 5*l. Suppose -4*g - 4*q + l = 0, -18 = 4*g - 4*q - 62. What is the units digit of g?
6
Let r(v) = -v**3 + 7*v**2 - 6*v + 1. What is the units digit of r(5)?
1
Let j(p) = -10*p + 2. Let i(o) = o. Suppose 0 = -f - f - 4. Let t be i(f). What is the tens digit of j(t)?
2
Let n(o) = 2*o**3 + 2*o + 4. Let g be n(-3). Let y = -31 - g. What is the units digit of (-20)/(-6)*60/y?
8
Let n(a) = -a**2 + 3. Let m be n(3). Let t = 8 + m. Suppose -k + 4*k + f = 37, -4*k + t*f + 66 = 0. What is the tens digit of k?
1
Let l = 41 + 20. What is the tens digit of l?
6
Suppose 4*g + 0 = 4*j - 4, 5*g + 3*j - 19 = 0. Suppose r = 3*s - 5, -s - 25 = -4*s + 5*r. Suppose s*z + g = z. What is the units digit of z?
2
Let g = -77 - -148. What is the tens digit of g?
7
Let n(v) = -2*v + 19. What is the units digit of n(5)?
9
Let s be (-58)/(-4) - (-3)/(-2). Let b = 20 - s. What is the units digit of b?
7
Let z = 0 - -6. Let k = -8 + z. What is the tens digit of -1 - (-36)/3 - k?
1
Let l = 74 + -35. What is the tens digit of l/4 + 3/12?
1
Let g(u) = -u + 3. What is the units digit of g(-8)?
1
Let y = -9 - -11. Suppose 0 = y*b - 7*b + 40. What is the units digit of b?
8
Let p(w) be the first derivative of w**4/4 - 7*w**3/3 - 9*w**2/2 + 10*w + 1. What is the units digit of p(8)?
2
Suppose 3*b - 7*b + 8 = 0. Let s be (-44)/(-8) + b/4. What is the units digit of 23/3 - 4/s?
7
Let w = 6 - 4. Suppose w*x = -x + 42. What is the tens digit of x?
1
What is the units digit of 98/10 - (-2)/10?
0
Let k(b) = b**3 - 2*b**2 + b. What is the tens digit of k(3)?
1
Let j(l) = 0 - 2*l + 0*l - l**2 - 6. Let q be j(-5). Let u = 1 - q. What is the units digit of u?
2
Suppose -122 + 422 = 6*j. What is the units digit of j?
0
Suppose -i + 6*i + y - 545 = 0, -2*y + 442 = 4*i. What is the hundreds digit of i?
1
Let f = -179 - -354. What is the hundreds digit of f?
1
Let f(c) = 15*c**2 + 4*c + 6. Let a be f(-4). Suppose -4*v = 2*k - a, -3*v = -4*k - 70 - 75. Suppose -3*x + v = 2*x. What is the units digit of x?
1
Suppose 0*h + 3*u - 15 = 3*h, -4*h - 4*u = 12. Let x(z) be the first derivative of -z**4/4 - z**3 + 3*z**2/2 - 3*z + 2. What is the units digit of x(h)?
1
Suppose -3*l + x + 31 = 0, -2*x = l + 4 - 26. What is the units digit of l?
2
Let x(q) = q + 27. Let m be x(0). Suppose -n = -4*n + m. Let d = -3 + n. What is the units digit of d?
6
Suppose 0 = -4*t + 15 - 3. Let y = 118 + -83. Suppose -7*c + 28 = -t*c - 2*x, 3*c - 5*x - y = 0. What is the units digit of c?
5
Let s = -10 - -20. Let f = 17 - s. What is the units digit of f?
7
Let u be 3/9 + 65/3. What is the units digit of 1/(1 + (-20)/u)?
1
Let f be (-3)/(2*2/(-64)). Suppose 17 = 5*o - f. What is the units digit of (-2 + o)*(-2 - -3)?
1
Suppose 0 = -3*k - 0*k, 5*z = -2*k - 35. Let x = 2 - z. What is the units digit of x?
9
Let y(k) = 6*k**2 - 13*k - 8. What is the units digit of y(-7)?
7
Let h be (1*5)/((-3)/(-6)). Let d = 3 + 0. Suppose p + h = d*p. What is the units digit of p?
5
What is the units digit of (-52)/(-4) + (-2 - -3)?
4
Suppose -2*p + 416 = 2*p + 3*k, 3*p - 2*k = 312. Let c be (2 - p)*(-20)/(-8). What is the units digit of ((-2)/3)/(10/c)?
7
Let u(j) = j**2 + 8*j + 2. Let q be u(-8). Suppose -2*n - q*n + 96 = 0. Let o = -14 + n. What is the tens digit of o?
1
Let t be (4 - (-24 - 3)) + -3. Suppose -j - 3*j = -t. What is the units digit of j?
7
Suppose -18 = -8*j + 6*j. What is the units digit of (3/(-5))/(j/(-45))?
3
Suppose q - 24 = 5*z, 3 = -2*z + 2*q - 13. What is the units digit of 8/(-3)*6/z?
4
Suppose -5*u + 55 = -3*v, 2*u - 2*v - 2*v = 36. Suppose -2*x - 2 + u = 0. Suppose 4*d = x*k + 7, -5*k + 31 = d + 3*d. What is the units digit of k?
3
